igit of t?
8
Suppose -3*v - 275 = 4*l - 6*l, 3*l = 3*v + 405. What is the tens digit of l?
3
Let i(h) = 2*h + 29 - 28 - 3*h - 4*h. What is the hundreds digit of i(-21)?
1
Let q = 23 - 15. Let r(a) = a**3 + a**2 + a + 1. Let l(f) = -4*f**3 - 14*f**2 + 6*f - 7. Let o(g) = l(g) + 5*r(g). What is the units digit of o(q)?
2
Suppose -4*x + 2*x = 4. What is the units digit of 4 + (36 - 3) + x?
5
Suppose 3*o + 2*o - 35 = t, 0 = 3*t + 2*o + 139. What is the units digit of -21*-15*(-20)/t?
0
What is the units digit of (-6 - (-65)/10)/(6/15060)?
5
Let u = -10 + 16. Suppose -q + u = -3. Suppose -q*l - 7 = -10*l. What is the units digit of l?
7
Let x(k) = -4*k**2 + k**3 + 0*k**3 - 7 - 4*k**2 + 3*k. Let p = 322 - 314. What is the tens digit of x(p)?
1
Let v = 206 - -147. What is the hundreds digit of v?
3
Let x(q) = -q**3 - 4*q**2 - 3*q - 26. What is the hundreds digit of x(-10)?
6
Let o = 773 - 173. Suppose 5*v + 175 = o. Suppose -v = -6*b + b. What is the units digit of b?
7
Suppose 3*o + 3*o + 12 = 0. Let n(a) = 8*a**2 + a + 2. Let k be n(o). What is the tens digit of (-2)/(-16) + 444/k?
1
Suppose 11*o - 7*o = -440. Let n = o + 197. Suppose 3*c + k - 4*k = n, 2*k = 4*c - 126. What is the units digit of c?
4
Let c = -14 - -26. Suppose -c*d + 6 = -9*d. What is the units digit of d?
2
Let j(d) = -6*d - 10. Let i be j(-2). What is the hundreds digit of 3899/21 + i/6?
1
Suppose -m - 5*p + 9 = 0, 11*m - p + 5 = 8*m. What is the tens digit of m/(-4) - 2013/(-12)?
6
Suppose 2*m + 2*l = -8, m - 1 = 2*l + 1. Let b be 7 + m + (6 - 6). Suppose -3*f = -b*z + 227, -3*f + 148 = 3*z + 31. What is the tens digit of z?
4
Let b(q) = -q**3 - 7*q**2 + 3*q + 5. Let k be b(-7). Let i = -12 - k. Suppose -h + 30 + i = 0. What is the units digit of h?
4
Let u(r) be the first derivative of 2*r**3 - 2*r**2 - 5*r + 20. What is the tens digit of u(-3)?
6
Suppose 2*c - 54 - 38 = 0. Let m = c + -32. What is the units digit of m?
4
Suppose -4*w - 5*w = 261. What is the units digit of w*((-3)/3 - 2)?
7
Suppose -4*r = 5*h - 1874, -2*h - 2*r + 753 = 3*r. Suppose -4*c + 0*c = u - h, -3*u - 288 = -3*c. What is the units digit of c?
4
What is the tens digit of (-2822)/(-12) - 5/(24 + 6)?
3
Let y(a) = -7*a + 10. Let j(x) = 15*x - 21. Let i(m) = -3*j(m) - 5*y(m). What is the tens digit of i(-6)?
7
Suppose 3*c - 4*t = 1904, c + 51*t - 634 = 52*t. What is the hundreds digit of c?
6
Let i = 1555 + -688. What is the hundreds digit of i?
8
Let n be (-1 + -1)/((-48)/120). Suppose -16 = -n*a + 99. Suppose g = -3 + a. What is the units digit of g?
0
Suppose -7*i + 2*i + 55 = 0. Let s(n) = 2*n**2 + 22*n - 15. Let b be s(-12). Suppose -j + b + i = 0. What is the tens digit of j?
2
Let j(u) = -344*u - 1082. What is the hundreds digit of j(-19)?
4
What is the hundreds digit of 300325/1435 + 3/((-42)/4)?
2
Let x(o) = 9*o**2 - 21*o - 256. What is the thousands digit of x(-14)?
1
Let i(b) = b + 2. Let h be i(-2). Let y = 5 + h. Suppose 4*m = 4*u + u - 113, 40 = u + y*m. What is the units digit of u?
5
Let t(g) = g**3 - 11*g**2 + 2*g - 14. Let r be t(11). Suppose 3*j = 2*y + 6, -4*y - 2*j - 2*j + r = 0. Suppose y = 3*v - 66 + 6. What is the units digit of v?
0
Suppose 5*n - 29 = 4*a, 8 = -2*n + 4*a + 22. Suppose u = n*p - 171, -4*u + 20 = u. Let c = -11 + p. What is the tens digit of c?
2
Let u(h) = h**3 + 14*h**2 - 15*h + 5. Let q be u(-15). Let p(l) = 11*l**2 - 6*l + 11. What is the hundreds digit of p(q)?
2
Let v(l) be the third derivative of -5*l**5/12 + 5*l**4/24 - l**3/6 - 6*l**2. Let d be v(2). Let x = d - -129. What is the units digit of x?
8
Suppose -6*d - 1509 = -a - 10*d, d = -2*a + 3004. What is the units digit of a?
1
Let a be (1 + 0)*1 + (-9 - -13). Let t(r) = 2*r + 1. What is the tens digit of t(a)?
1
What is the tens digit of 225/(-300) - (-3775)/4?
4
Let q(m) = m**2 - 46*m - 22. What is the hundreds digit of q(-10)?
5
Let q(c) = 5*c + 11 - 2*c**2 + 3*c**2 - 11*c + 3*c. What is the tens digit of q(-4)?
3
Let t = -61 - -1189. What is the tens digit of t?
2
Suppose 5*i + 1909 - 14234 = 0. What is the hundreds digit of i?
4
Let o(f) = -f**3 - 2*f**2 - 3*f - 6. Let q be o(-3). Let l be ((-1072)/q)/(2/(-9)). Suppose -5*p = p - l. What is the tens digit of p?
6
Let m be (-1410)/35 + 2/7. Let u = m - -22. Let z = -9 - u. What is the units digit of z?
9
Suppose -1694 = -42*m + 35*m. What is the units digit of m?
2
Suppose -a + 1207 - 215 = 0. What is the hundreds digit of a?
9
Let o(t) = -t**2 - 41*t - 179. What is the hundreds digit of o(-26)?
2
What is the hundreds digit of (-138972)/(-84) + (-9)/21?
6
Let q(i) = 3*i**3 - 11*i**2 + 16*i - 10. Let c be q(6). Let r = c + -231. What is the units digit of r?
7
Suppose -205*x + 15 = -210*x, 0 = -2*h - 3*x + 5265. What is the tens digit of h?
3
Suppose -3*b + 12 = -4*r + r, b - 8 = -3*r. What is the units digit of r/(32/8 + 3*-1)?
1
Let v = -12 - -16. Suppose 4*b + j - v*j - 86 = 0, 3*j - 6 = 0. Suppose 5*s = b + 187. What is the tens digit of s?
4
Suppose -13 = -2*a - 5. What is the units digit of a + 70 + (-1)/1 + -2?
1
Let s(q) = -4*q - 9. Suppose -n = -5*n + 8. Suppose 0 = 4*v + 5*o + 31, 4*v - 3*o + 81 = n*o. What is the units digit of s(v)?
7
Let y(f) = -2*f**3 + 44*f**2 + f + 16. What is the units digit of y(22)?
8
Let w = 6867 + -3065. What is the hundreds digit of w?
8
What is the units digit of (-5 - (5 - 11))/((-1)/(-226))?
6
Suppose 0 = i + h + 2, -4*h + 0*h + 17 = -i. What is the units digit of 1/(-8 - -3) + (-331)/i?
6
Suppose 2*w - 409 = 2*v - 2675, 3*w - 3429 = -3*v. What is the hundreds digit of v?
1
Let n be 48/(-20)*(-60)/(-9). What is the units digit of 90/12*n/(-10)?
2
Let q(k) be the second derivative of -k**5/4 + k**4/6 + 2*k**3/3 + 3*k**2/2 - 17*k. What is the tens digit of q(-2)?
4
Let x = -940 + 1601. What is the units digit of x?
1
Suppose -600*t + 13320 = -580*t. What is the tens digit of t?
6
Suppose -4*n = 3*c - 524, n + 76 = 5*c + 230. What is the tens digit of n?
3
Suppose n = -19 + 24. Suppose -340 = -n*d - 3*c + 26, -5*c - 62 = -d. What is the units digit of d?
2
Let f(l) = 20*l - 4. Let o be f(-2). Let a = o - -75. What is the units digit of a?
1
Let y(m) = -m**3 - 12*m**2 - 10*m + 5. Let q be y(-11). Let c = 6 + q. What is the units digit of (34 + (-4 - c))/1?
0
Suppose 4*r + 0*r = 572. Suppose 69 + r = 4*y. What is the tens digit of y?
5
Let w(s) = -s**3 - 5*s**2 - 2*s - 6. Let f be w(-4). Let z = f - -40. What is the tens digit of z?
2
Let h(d) = d**3 + 12*d**2 + 22*d + 5. Let k(y) be the second derivative of 9*y**5/20 + y**4/12 + y**3/6 + y. Let p be k(-1). What is the units digit of h(p)?
0
What is the units digit of (1 - -1218)*(-4)/(-4)?
9
What is the hundreds digit of (-86)/(-559) + 1 + 19756/26?
7
Let p = 5 + 8. Let t = -11 + p. What is the units digit of 18/4*1*t?
9
What is the units digit of 4/10 + (-728)/(-5)?
6
Let h = 12 - 7. Suppose 4*s = 16, -3*o + 20 = -h*o + 5*s. Suppose o = 2*j - 118. What is the tens digit of j?
5
What is the tens digit of (-7 + 3 - -460) + 5 - 3?
5
Let b = -39 + 30. Let u(v) = v**3 + 2*v**2 - v - 4. Let o be u(-4). Let h = b - o. What is the units digit of h?
3
Let c be -5 + -2 + (-2)/2. What is the tens digit of (c/(-5))/((-3)/(-75))?
4
What is the tens digit of -6 + 3386*(45/10)/9?
8
Suppose 4*h + 0 = 8. Let f(i) = -2*i**2 + 2*i - 1. Let n be f(1). Let a = n + h. What is the units digit of a?
1
Let w = -1307 - -1876. What is the tens digit of w/7 - (-14)/(-49)?
8
Let o(a) = a - 3. Let g(l) = -9*l + 1. Let w(c) = 2*c. Let y(j) = 2*g(j) + 6*w(j). Let z be y(-1). What is the units digit of o(z)?
5
Let j = 0 + 2. Suppose -4*p + 22 = -2*s, p + 6 = -j*p - 3*s. Suppose 0 = -p*x - 4 + 10. What is the units digit of x?
2
Suppose -24*n = -39*n + 4665. What is the units digit of n?
1
Suppose -35*l + 44713 = -39602. What is the thousands digit of l?
2
Let r(l) = l - 3. Let z(h) = h - 3. Let c(j) = -3*r(j) + 4*z(j). What is the units digit of c(7)?
4
Suppose 6*n = -n - 147. Let m = n + 77. What is the units digit of m?
6
Suppose 12 = 3*q - 0. Suppose 0 = q*r - 0*r - 444. Suppose -r = -4*n + n. What is the units digit of n?
7
Suppose -3*f + 371 = 2*t, -6*f = -f + t - 630. Let b = f + 166. What is the units digit of b?
3
Let a(f) = -f + 4. Let u be a(4). Suppose u = 10*x - 325 - 125. What is 